{"id":706,"date":"2021-10-29T11:21:13","date_gmt":"2021-10-29T09:21:13","guid":{"rendered":"https:\/\/lleida.matersalvatoris.org\/?page_id=706"},"modified":"2021-12-15T18:59:22","modified_gmt":"2021-12-15T16:59:22","slug":"ubicacio","status":"publish","type":"page","link":"https:\/\/lleida.matersalvatoris.org\/es\/ubicacio\/","title":{"rendered":"Ubicaci\u00f3"},"content":{"rendered":"<p>[et_pb_section fb_built=\u00bb1&#8243; fullwidth=\u00bbon\u00bb _builder_version=\u00bb4.11.1&#8243; _module_preset=\u00bbdefault\u00bb da_disable_devices=\u00bboff|off|off\u00bb global_colors_info=\u00bb{}\u00bb da_is_popup=\u00bboff\u00bb da_exit_intent=\u00bboff\u00bb da_has_close=\u00bbon\u00bb da_alt_close=\u00bboff\u00bb da_dark_close=\u00bboff\u00bb da_not_modal=\u00bbon\u00bb da_is_singular=\u00bboff\u00bb da_with_loader=\u00bboff\u00bb da_has_shadow=\u00bbon\u00bb][et_pb_fullwidth_slider _builder_version=\u00bb4.13.0&#8243; _module_preset=\u00bbdefault\u00bb global_colors_info=\u00bb{}\u00bb][et_pb_slide _builder_version=\u00bb4.13.0&#8243; _module_preset=\u00bbdefault\u00bb background_image=\u00bbhttps:\/\/lleida.matersalvatoris.org\/wp-content\/uploads\/2021\/10\/admissions_slide-scaled.jpg\u00bb background_enable_image=\u00bbon\u00bb global_colors_info=\u00bb{}\u00bb sticky_transition=\u00bbon\u00bb][\/et_pb_slide][\/et_pb_fullwidth_slider][\/et_pb_section][et_pb_section fb_built=\u00bb1&#8243; _builder_version=\u00bb4.11.1&#8243; _module_preset=\u00bb5c19a62f-513d-4606-ae30-8aab177d8889&#8243; custom_padding=\u00bb30px||30px||false|false\u00bb da_disable_devices=\u00bboff|off|off\u00bb global_colors_info=\u00bb{}\u00bb da_is_popup=\u00bboff\u00bb da_exit_intent=\u00bboff\u00bb da_has_close=\u00bbon\u00bb da_alt_close=\u00bboff\u00bb da_dark_close=\u00bboff\u00bb da_not_modal=\u00bbon\u00bb da_is_singular=\u00bboff\u00bb da_with_loader=\u00bboff\u00bb da_has_shadow=\u00bbon\u00bb][et_pb_row column_structure=\u00bb1_4,3_4&#8243; _builder_version=\u00bb4.11.1&#8243; _module_preset=\u00bb878dbd52-1639-4ccb-bc44-8449068c39e4&#8243; custom_padding=\u00bb0px||0px||false|false\u00bb global_colors_info=\u00bb{}\u00bb][et_pb_column type=\u00bb1_4&#8243; _builder_version=\u00bb4.11.1&#8243; _module_preset=\u00bbdefault\u00bb global_colors_info=\u00bb{}\u00bb][et_pb_text _builder_version=\u00bb4.13.1&#8243; _dynamic_attributes=\u00bbcontent\u00bb _module_preset=\u00bbfb58153c-30e1-4016-9cf8-2751ea08e8fb\u00bb global_colors_info=\u00bb{}\u00bb]@ET-DC@eyJkeW5hbWljIjp0cnVlLCJjb250ZW50IjoicG9zdF90aXRsZSIsInNldHRpbmdzIjp7ImJlZm9yZSI6IiIsImFmdGVyIjoiIn19@[\/et_pb_text][\/et_pb_column][et_pb_column type=\u00bb3_4&#8243; _builder_version=\u00bb4.11.1&#8243; _module_preset=\u00bbdefault\u00bb global_colors_info=\u00bb{}\u00bb][et_pb_text _builder_version=\u00bb4.14.2&#8243; _module_preset=\u00bb9616b5da-827c-4a8d-ad6f-bcd50de1f39f\u00bb hover_enabled=\u00bb0&#8243; global_colors_info=\u00bb{}\u00bb sticky_enabled=\u00bb0&#8243;]<\/p>\n<p><strong>Mater Salvatoris es un colegio\u00a0concertado, mixto y cat\u00f3lico, dirigido por las religiosas de la Compa\u00f1\u00eda del Salvador, que abri\u00f3 sus puertas en 1948.<\/strong><\/p>\n<p><strong>Ofrece a las familias todas las etapas educativas: Infantil, Primaria, ESO y Bachillerato,<\/strong><span>\u00a0<\/span>con el fin de proporcionar una formaci\u00f3n integral de calidad que permita a cada uno de nuestros alumnos afrontar con \u00e9xito los retos de la sociedad del siglo XXI.<\/p>\n<ul><\/ul>\n<p>[\/et_pb_text][et_pb_text _builder_version=\u00bb4.14.2&#8243; _module_preset=\u00bb9616b5da-827c-4a8d-ad6f-bcd50de1f39f\u00bb hover_enabled=\u00bb0&#8243; global_colors_info=\u00bb{}\u00bb sticky_enabled=\u00bb0&#8243;]<b>Colegio Mater Salvatoris de la Compa\u00f1ia del Salvador<\/b><br \/>\n<iframe loading=\"lazy\" style=\"border: 0; width:100%\" src=\"https:\/\/www.google.com\/maps\/embed?pb=!1m17!1m11!1m3!1d1120.3708305734096!2d0.5607387933026332!3d41.6386205353474!2m2!1f0!2f0!3m2!1i1024!2i768!4f13.1!3m3!1m2!1s0x0%3A0x76e095d21b0528de!2sColegio+Mater+Salvatoris!5e1!3m2!1ses!2ses!4v1500566785344\" width=\"450\" height=\"300\" frameborder=\"0\" allowfullscreen=\"allowfullscreen\"><\/iframe>[\/et_pb_text][\/et_pb_column][\/et_pb_row][\/et_pb_section]<\/p>\n","protected":false},"excerpt":{"rendered":"<p>Mater Salvatoris es un colegio\u00a0concertado, mixto y cat\u00f3lico, dirigido por las religiosas de la Compa\u00f1\u00eda del Salvador, que abri\u00f3 sus puertas en 1948. Ofrece a las familias todas las etapas [&hellip;]<\/p>\n","protected":false},"author":1,"featured_media":0,"parent":0,"menu_order":0,"comment_status":"closed","ping_status":"closed","template":"","meta":{"_et_pb_use_builder":"on","_et_pb_old_content":"[et_pb_section fb_built=\"1\" fullwidth=\"on\" _builder_version=\"4.11.1\" _module_preset=\"default\" global_colors_info=\"{}\"][et_pb_fullwidth_image src=\"https:\/\/lleida.matersalvatoris.org\/wp-content\/uploads\/2021\/10\/admissions_slide-scaled.jpg\" title_text=\"admissions_slide\" _builder_version=\"4.11.2\" _module_preset=\"default\" global_colors_info=\"{}\"][\/et_pb_fullwidth_image][\/et_pb_section][et_pb_section fb_built=\"1\" custom_padding=\"30px||30px||false|false\" _builder_version=\"4.11.1\" _module_preset=\"5c19a62f-513d-4606-ae30-8aab177d8889\" global_colors_info=\"{}\"][et_pb_row custom_padding=\"0px||0px||false|false\" column_structure=\"1_4,3_4\" _builder_version=\"4.11.1\" _module_preset=\"878dbd52-1639-4ccb-bc44-8449068c39e4\" global_colors_info=\"{}\"][et_pb_column type=\"1_4\" _builder_version=\"4.11.1\" _module_preset=\"default\" global_colors_info=\"{}\"][et_pb_text background_color=\"#042d41\" text_font_size=\"30px\" text_text_color=\"#FFFFFF\" text_font=\"|700||on|||||\" text_orientation=\"center\" module_alignment=\"center\" height=\"244px\" custom_padding=\"110px||||false|false\" _builder_version=\"4.11.2\" _dynamic_attributes=\"content\" _module_preset=\"130e0b9c-592c-4346-9b74-65866c043395\" global_colors_info=\"{}\"]@ET-DC@eyJkeW5hbWljIjp0cnVlLCJjb250ZW50IjoicG9zdF90aXRsZSIsInNldHRpbmdzIjp7ImJlZm9yZSI6IiIsImFmdGVyIjoiIn19@[\/et_pb_text][\/et_pb_column][et_pb_column type=\"3_4\" _builder_version=\"4.11.1\" _module_preset=\"default\" global_colors_info=\"{}\"][et_pb_text text_text_color=\"#000000\" text_font_size=\"20px\" text_line_height=\"1.2em\" custom_margin=\"||1em||false|false\" _builder_version=\"4.11.1\" _module_preset=\"9616b5da-827c-4a8d-ad6f-bcd50de1f39f\" global_colors_info=\"{}\"]\n\n<strong>Mater Salvatoris \u00e9s un col\u00b7legi concertat, mixt i cat\u00f2lic, dirigit per les religioses de la Companyia del Salvador, que va obrir les seves portes l\u2019any 1948.<\/strong>\n\nOfereix a les fam\u00edlies totes les etapes educatives: Infantil, Prim\u00e0ria, ESO i Batxillerat, amb la finalitat de proporcionar una formaci\u00f3 integral de qualitat que permeti a cadascun dels nostres alumnes afrontar amb \u00e8xit els reptes de la societat del segle XXI.\n<ul><\/ul>\n[\/et_pb_text][et_pb_text text_text_color=\"#000000\" text_font_size=\"20px\" text_line_height=\"1.2em\" custom_margin=\"||1em||false|false\" _builder_version=\"4.11.2\" _module_preset=\"9616b5da-827c-4a8d-ad6f-bcd50de1f39f\" global_colors_info=\"{}\"]<iframe style=\"border: 0; float: left; margin-right: 20px;\" src=\"https:\/\/www.google.com\/maps\/embed?pb=!1m17!1m11!1m3!1d1120.3708305734096!2d0.5607387933026332!3d41.6386205353474!2m2!1f0!2f0!3m2!1i1024!2i768!4f13.1!3m3!1m2!1s0x0%3A0x76e095d21b0528de!2sColegio+Mater+Salvatoris!5e1!3m2!1ses!2ses!4v1500566785344\" width=\"450\" height=\"300\" frameborder=\"0\" allowfullscreen=\"allowfullscreen\"><\/iframe><b>Col\u00b7legi Mater Salvatoris de la Companyia del Salvador<\/b>\nPartida Pla de Mons\u00f3 30.\n25193 Lleida.[\/et_pb_text][\/et_pb_column][\/et_pb_row][\/et_pb_section]","_et_gb_content_width":"","footnotes":""},"class_list":["post-706","page","type-page","status-publish","hentry"],"yoast_head":"<!-- This site is optimized with the Yoast SEO plugin v26.6 - https:\/\/yoast.com\/wordpress\/plugins\/seo\/ -->\n<title>Ubicaci\u00f3 - Lleida Mater Salvatoris<\/title>\n<meta name=\"robots\" content=\"index, follow, max-snippet:-1, max-image-preview:large, max-video-preview:-1\" \/>\n<link rel=\"canonical\" href=\"https:\/\/lleida.matersalvatoris.org\/es\/ubicacio\/\" \/>\n<meta property=\"og:locale\" content=\"es_ES\" \/>\n<meta property=\"og:type\" content=\"article\" \/>\n<meta property=\"og:title\" content=\"Ubicaci\u00f3 - Lleida Mater Salvatoris\" \/>\n<meta property=\"og:description\" content=\"Mater Salvatoris es un colegio\u00a0concertado, mixto y cat\u00f3lico, dirigido por las religiosas de la Compa\u00f1\u00eda del Salvador, que abri\u00f3 sus puertas en 1948. Ofrece a las familias todas las etapas [&hellip;]\" \/>\n<meta property=\"og:url\" content=\"https:\/\/lleida.matersalvatoris.org\/es\/ubicacio\/\" \/>\n<meta property=\"og:site_name\" content=\"Lleida Mater Salvatoris\" \/>\n<meta property=\"article:modified_time\" content=\"2021-12-15T16:59:22+00:00\" \/>\n<meta name=\"twitter:card\" content=\"summary_large_image\" \/>\n<meta name=\"twitter:label1\" content=\"Tiempo de lectura\" \/>\n\t<meta name=\"twitter:data1\" content=\"2 minutos\" \/>\n<script type=\"application\/ld+json\" class=\"yoast-schema-graph\">{\"@context\":\"https:\/\/schema.org\",\"@graph\":[{\"@type\":\"WebPage\",\"@id\":\"https:\/\/lleida.matersalvatoris.org\/es\/ubicacio\/\",\"url\":\"https:\/\/lleida.matersalvatoris.org\/es\/ubicacio\/\",\"name\":\"Ubicaci\u00f3 - Lleida Mater Salvatoris\",\"isPartOf\":{\"@id\":\"https:\/\/lleida.matersalvatoris.org\/es\/#website\"},\"datePublished\":\"2021-10-29T09:21:13+00:00\",\"dateModified\":\"2021-12-15T16:59:22+00:00\",\"inLanguage\":\"es\",\"potentialAction\":[{\"@type\":\"ReadAction\",\"target\":[\"https:\/\/lleida.matersalvatoris.org\/es\/ubicacio\/\"]}]},{\"@type\":\"WebSite\",\"@id\":\"https:\/\/lleida.matersalvatoris.org\/es\/#website\",\"url\":\"https:\/\/lleida.matersalvatoris.org\/es\/\",\"name\":\"Lleida Mater Salvatoris\",\"description\":\"Lleida Mater Salvatoris\",\"potentialAction\":[{\"@type\":\"SearchAction\",\"target\":{\"@type\":\"EntryPoint\",\"urlTemplate\":\"https:\/\/lleida.matersalvatoris.org\/es\/?s={search_term_string}\"},\"query-input\":{\"@type\":\"PropertyValueSpecification\",\"valueRequired\":true,\"valueName\":\"search_term_string\"}}],\"inLanguage\":\"es\"}]}<\/script>\n<!-- \/ Yoast SEO plugin. -->","yoast_head_json":{"title":"Ubicaci\u00f3 - Lleida Mater Salvatoris","robots":{"index":"index","follow":"follow","max-snippet":"max-snippet:-1","max-image-preview":"max-image-preview:large","max-video-preview":"max-video-preview:-1"},"canonical":"https:\/\/lleida.matersalvatoris.org\/es\/ubicacio\/","og_locale":"es_ES","og_type":"article","og_title":"Ubicaci\u00f3 - Lleida Mater Salvatoris","og_description":"Mater Salvatoris es un colegio\u00a0concertado, mixto y cat\u00f3lico, dirigido por las religiosas de la Compa\u00f1\u00eda del Salvador, que abri\u00f3 sus puertas en 1948. Ofrece a las familias todas las etapas [&hellip;]","og_url":"https:\/\/lleida.matersalvatoris.org\/es\/ubicacio\/","og_site_name":"Lleida Mater Salvatoris","article_modified_time":"2021-12-15T16:59:22+00:00","twitter_card":"summary_large_image","twitter_misc":{"Tiempo de lectura":"2 minutos"},"schema":{"@context":"https:\/\/schema.org","@graph":[{"@type":"WebPage","@id":"https:\/\/lleida.matersalvatoris.org\/es\/ubicacio\/","url":"https:\/\/lleida.matersalvatoris.org\/es\/ubicacio\/","name":"Ubicaci\u00f3 - Lleida Mater Salvatoris","isPartOf":{"@id":"https:\/\/lleida.matersalvatoris.org\/es\/#website"},"datePublished":"2021-10-29T09:21:13+00:00","dateModified":"2021-12-15T16:59:22+00:00","inLanguage":"es","potentialAction":[{"@type":"ReadAction","target":["https:\/\/lleida.matersalvatoris.org\/es\/ubicacio\/"]}]},{"@type":"WebSite","@id":"https:\/\/lleida.matersalvatoris.org\/es\/#website","url":"https:\/\/lleida.matersalvatoris.org\/es\/","name":"Lleida Mater Salvatoris","description":"Lleida Mater Salvatoris","potentialAction":[{"@type":"SearchAction","target":{"@type":"EntryPoint","urlTemplate":"https:\/\/lleida.matersalvatoris.org\/es\/?s={search_term_string}"},"query-input":{"@type":"PropertyValueSpecification","valueRequired":true,"valueName":"search_term_string"}}],"inLanguage":"es"}]}},"_links":{"self":[{"href":"https:\/\/lleida.matersalvatoris.org\/es\/wp-json\/wp\/v2\/pages\/706","targetHints":{"allow":["GET"]}}],"collection":[{"href":"https:\/\/lleida.matersalvatoris.org\/es\/wp-json\/wp\/v2\/pages"}],"about":[{"href":"https:\/\/lleida.matersalvatoris.org\/es\/wp-json\/wp\/v2\/types\/page"}],"author":[{"embeddable":true,"href":"https:\/\/lleida.matersalvatoris.org\/es\/wp-json\/wp\/v2\/users\/1"}],"replies":[{"embeddable":true,"href":"https:\/\/lleida.matersalvatoris.org\/es\/wp-json\/wp\/v2\/comments?post=706"}],"version-history":[{"count":5,"href":"https:\/\/lleida.matersalvatoris.org\/es\/wp-json\/wp\/v2\/pages\/706\/revisions"}],"predecessor-version":[{"id":8430,"href":"https:\/\/lleida.matersalvatoris.org\/es\/wp-json\/wp\/v2\/pages\/706\/revisions\/8430"}],"wp:attachment":[{"href":"https:\/\/lleida.matersalvatoris.org\/es\/wp-json\/wp\/v2\/media?parent=706"}],"curies":[{"name":"wp","href":"https:\/\/api.w.org\/{rel}","templated":true}]}}

Ubicació

<p>[et_pb_section fb_built=»1&#8243; fullwidth=»on» _builder_version=»4.11.1&#8243; _module_preset=»default» da_disable_devices=»off|off|off» global_colors_info=»{}» da_is_popup=»off» da_exit_intent=»off» da_has_close=»on» da_alt_close=»off» da_dark_close=»off» da_not_modal=»on» da_is_singular=»off» da_with_loader=»off» da_has_shadow=»on»][et_pb_fullwidth_slider _builder_version=»4.13.0&#8243; _module_preset=»default» global_colors_info=»{}»][et_pb_slide _builder_version=»4.13.0&#8243; _module_preset=»default» background_image=»https://lleida.matersalvatoris.org/wp-content/uploads/2021/10/admissions_slide-scaled.jpg» background_enable_image=»on» global_colors_info=»{}» sticky_transition=»on»][/et_pb_slide][/et_pb_fullwidth_slider][/et_pb_section][et_pb_section fb_built=»1&#8243; _builder_version=»4.11.1&#8243; _module_preset=»5c19a62f-513d-4606-ae30-8aab177d8889&#8243; custom_padding=»30px||30px||false|false» da_disable_devices=»off|off|off» global_colors_info=»{}» da_is_popup=»off» da_exit_intent=»off» da_has_close=»on» da_alt_close=»off» da_dark_close=»off» da_not_modal=»on» da_is_singular=»off» da_with_loader=»off» da_has_shadow=»on»][et_pb_row column_structure=»1_4,3_4&#8243; _builder_version=»4.11.1&#8243; _module_preset=»878dbd52-1639-4ccb-bc44-8449068c39e4&#8243; custom_padding=»0px||0px||false|false» global_colors_info=»{}»][et_pb_column type=»1_4&#8243; _builder_version=»4.11.1&#8243; _module_preset=»default» global_colors_info=»{}»][et_pb_text _builder_version=»4.13.1&#8243; _dynamic_attributes=»content» _module_preset=»fb58153c-30e1-4016-9cf8-2751ea08e8fb» global_colors_info=»{}»]@ET-DC@eyJkeW5hbWljIjp0cnVlLCJjb250ZW50IjoicG9zdF90aXRsZSIsInNldHRpbmdzIjp7ImJlZm9yZSI6IiIsImFmdGVyIjoiIn19@[/et_pb_text][/et_pb_column][et_pb_column type=»3_4&#8243; _builder_version=»4.11.1&#8243; _module_preset=»default» global_colors_info=»{}»][et_pb_text _builder_version=»4.14.2&#8243; _module_preset=»9616b5da-827c-4a8d-ad6f-bcd50de1f39f» hover_enabled=»0&#8243; global_colors_info=»{}» sticky_enabled=»0&#8243;]</p>
<p><strong>Mater Salvatoris es un colegio concertado, mixto y católico, dirigido por las religiosas de la Compañía del Salvador, que abrió sus puertas en 1948.</strong></p>
<p><strong>Ofrece a las familias todas las etapas educativas: Infantil, Primaria, ESO y Bachillerato,</strong><span> </span>con el fin de proporcionar una formación integral de calidad que permita a cada uno de nuestros alumnos afrontar con éxito los retos de la sociedad del siglo XXI.</p>
<ul></ul>
<p>[/et_pb_text][et_pb_text _builder_version=»4.14.2&#8243; _module_preset=»9616b5da-827c-4a8d-ad6f-bcd50de1f39f» hover_enabled=»0&#8243; global_colors_info=»{}» sticky_enabled=»0&#8243;]<b>Colegio Mater Salvatoris de la Compañia del Salvador</b><br />
<iframe loading="lazy" style="border: 0; width:100%" src="https://www.google.com/maps/embed?pb=!1m17!1m11!1m3!1d1120.3708305734096!2d0.5607387933026332!3d41.6386205353474!2m2!1f0!2f0!3m2!1i1024!2i768!4f13.1!3m3!1m2!1s0x0%3A0x76e095d21b0528de!2sColegio+Mater+Salvatoris!5e1!3m2!1ses!2ses!4v1500566785344" width="450" height="300" frameborder="0" allowfullscreen="allowfullscreen"></iframe>[/et_pb_text][/et_pb_column][/et_pb_row][/et_pb_section]</p>

<p>Mater Salvatoris es un colegio concertado, mixto y católico, dirigido por las religiosas de la Compañía del Salvador, que abrió sus puertas en 1948. Ofrece a las familias todas las etapas [&hellip;]</p>

[et_pb_section fb_built="1" fullwidth="on" _builder_version="4.11.1" _module_preset="default" global_colors_info="{}"][et_pb_fullwidth_image src="https://lleida.matersalvatoris.org/wp-content/uploads/2021/10/admissions_slide-scaled.jpg" title_text="admissions_slide" _builder_version="4.11.2" _module_preset="default" global_colors_info="{}"][/et_pb_fullwidth_image][/et_pb_section][et_pb_section fb_built="1" custom_padding="30px||30px||false|false" _builder_version="4.11.1" _module_preset="5c19a62f-513d-4606-ae30-8aab177d8889" global_colors_info="{}"][et_pb_row custom_padding="0px||0px||false|false" column_structure="1_4,3_4" _builder_version="4.11.1" _module_preset="878dbd52-1639-4ccb-bc44-8449068c39e4" global_colors_info="{}"][et_pb_column type="1_4" _builder_version="4.11.1" _module_preset="default" global_colors_info="{}"][et_pb_text background_color="#042d41" text_font_size="30px" text_text_color="#FFFFFF" text_font="|700||on|||||" text_orientation="center" module_alignment="center" height="244px" custom_padding="110px||||false|false" _builder_version="4.11.2" _dynamic_attributes="content" _module_preset="130e0b9c-592c-4346-9b74-65866c043395" global_colors_info="{}"]@ET-DC@eyJkeW5hbWljIjp0cnVlLCJjb250ZW50IjoicG9zdF90aXRsZSIsInNldHRpbmdzIjp7ImJlZm9yZSI6IiIsImFmdGVyIjoiIn19@[/et_pb_text][/et_pb_column][et_pb_column type="3_4" _builder_version="4.11.1" _module_preset="default" global_colors_info="{}"][et_pb_text text_text_color="#000000" text_font_size="20px" text_line_height="1.2em" custom_margin="||1em||false|false" _builder_version="4.11.1" _module_preset="9616b5da-827c-4a8d-ad6f-bcd50de1f39f" global_colors_info="{}"]

<strong>Mater Salvatoris és un col·legi concertat, mixt i catòlic, dirigit per les religioses de la Companyia del Salvador, que va obrir les seves portes l’any 1948.</strong>

Ofereix a les famílies totes les etapes educatives: Infantil, Primària, ESO i Batxillerat, amb la finalitat de proporcionar una formació integral de qualitat que permeti a cadascun dels nostres alumnes afrontar amb èxit els reptes de la societat del segle XXI.
<ul></ul>
[/et_pb_text][et_pb_text text_text_color="#000000" text_font_size="20px" text_line_height="1.2em" custom_margin="||1em||false|false" _builder_version="4.11.2" _module_preset="9616b5da-827c-4a8d-ad6f-bcd50de1f39f" global_colors_info="{}"]<iframe style="border: 0; float: left; margin-right: 20px;" src="https://www.google.com/maps/embed?pb=!1m17!1m11!1m3!1d1120.3708305734096!2d0.5607387933026332!3d41.6386205353474!2m2!1f0!2f0!3m2!1i1024!2i768!4f13.1!3m3!1m2!1s0x0%3A0x76e095d21b0528de!2sColegio+Mater+Salvatoris!5e1!3m2!1ses!2ses!4v1500566785344" width="450" height="300" frameborder="0" allowfullscreen="allowfullscreen"></iframe><b>Col·legi Mater Salvatoris de la Companyia del Salvador</b>
Partida Pla de Monsó 30.
25193 Lleida.[/et_pb_text][/et_pb_column][/et_pb_row][/et_pb_section]

<!-- This site is optimized with the Yoast SEO plugin v26.6 - https://yoast.com/wordpress/plugins/seo/ -->
<title>Ubicació - Lleida Mater Salvatoris</title>
<meta name="robots" content="index, follow, max-snippet:-1, max-image-preview:large, max-video-preview:-1" />
<link rel="canonical" href="https://lleida.matersalvatoris.org/es/ubicacio/" />
<meta property="og:locale" content="es_ES" />
<meta property="og:type" content="article" />
<meta property="og:title" content="Ubicació - Lleida Mater Salvatoris" />
<meta property="og:description" content="Mater Salvatoris es un colegio concertado, mixto y católico, dirigido por las religiosas de la Compañía del Salvador, que abrió sus puertas en 1948. Ofrece a las familias todas las etapas [&hellip;]" />
<meta property="og:url" content="https://lleida.matersalvatoris.org/es/ubicacio/" />
<meta property="og:site_name" content="Lleida Mater Salvatoris" />
<meta property="article:modified_time" content="2021-12-15T16:59:22+00:00" />
<meta name="twitter:card" content="summary_large_image" />
<meta name="twitter:label1" content="Tiempo de lectura" />
	<meta name="twitter:data1" content="2 minutos" />
<script type="application/ld+json" class="yoast-schema-graph">{"@context":"https://schema.org","@graph":[{"@type":"WebPage","@id":"https://lleida.matersalvatoris.org/es/ubicacio/","url":"https://lleida.matersalvatoris.org/es/ubicacio/","name":"Ubicació - Lleida Mater Salvatoris","isPartOf":{"@id":"https://lleida.matersalvatoris.org/es/#website"},"datePublished":"2021-10-29T09:21:13+00:00","dateModified":"2021-12-15T16:59:22+00:00","inLanguage":"es","potentialAction":[{"@type":"ReadAction","target":["https://lleida.matersalvatoris.org/es/ubicacio/"]}]},{"@type":"WebSite","@id":"https://lleida.matersalvatoris.org/es/#website","url":"https://lleida.matersalvatoris.org/es/","name":"Lleida Mater Salvatoris","description":"Lleida Mater Salvatoris","potentialAction":[{"@type":"SearchAction","target":{"@type":"EntryPoint","urlTemplate":"https://lleida.matersalvatoris.org/es/?s={search_term_string}"},"query-input":{"@type":"PropertyValueSpecification","valueRequired":true,"valueName":"search_term_string"}}],"inLanguage":"es"}]}</script>
<!-- / Yoast SEO plugin. -->

Ubicació - Lleida Mater Salvatoris

Mater Salvatoris es un colegio concertado, mixto y católico, dirigido por las religiosas de la Compañía del Salvador, que abrió sus puertas en 1948. Ofrece a las familias todas las etapas [&hellip;]
